 = 4*q. Calculate the remainder when 53 is divided by s.
4
Suppose -5*o = -2*z + 21, -4*o - 9 = 3. Suppose -5*u + 290 = -w, -u - 4*w = z*u - 256. What is the remainder when u is divided by 4 + -6 - (-1 + -31)?
29
Let g = -722 - -857. What is the remainder when 941 is divided by g?
131
Let r(i) be the first derivative of 86*i**3/3 + 3*i**2/2 - i + 39. What is the remainder when r(1) is divided by 9?
7
Suppose -2*k + 17 = -7. Let p be (-4)/14 + 112/49. Calculate the remainder when 3 - (6/p - 22) is divided by k.
10
Suppose 2*u - 5*u + 30 = 0. Suppose 0 = 3*t + 4*x - 45, 4*t - 4*x - 53 = 7. Calculate the remainder when ((-12)/u)/(4/(-190)) is divided by t.
12
Suppose 3*g = -3*s + 15, 2*g + 5*s - 6 = 7. Suppose -9 = -g*h + 239. Suppose 13 = 3*a - 26. Calculate the remainder when h is divided by a.
10
Calculate the remainder when 19 - (40/8)/5 is divided by 6.
0
Let v(t) = -t**3 + 5*t**2 + 24. Suppose 2*s = 5*y - 23 - 12, 10 = 4*y + 2*s. Calculate the remainder when 65 is divided by v(y).
17
Suppose -o + 56 = 3*o. Let g(j) = 12*j + 4. Let q be g(5). Let r = -11 + q. What is the remainder when r is divided by o?
11
Suppose 0 = -14*j + 78 + 216. What is the remainder when 1217 is divided by j?
20
Let q = 676 + -628. What is the remainder when 230 is divided by q?
38
Calculate the remainder when (710/(-8))/(-1) + (-8)/(-32) is divided by 13.
11
Let q(m) = 35*m**2 + 37 - 1 - 36*m**2 + 17*m. What is the remainder when q(17) is divided by 13?
10
Suppose 0 = -15*f + 4641 + 729. What is the remainder when f is divided by 36?
34
Let d(b) = b**3 + b - 2. Let v be d(1). Suppose -6*a + v*a = -84. What is the remainder when 26 is divided by a?
12
Let j(l) = 13*l - 4. Let u be j(5). Suppose 3*c - q = -u, 0 = c + 4*c - 2*q + 101. Calculate the remainder when 38 is divided by (-6)/c + 1160/56.
17
Let n(g) = -72*g + 113. What is the remainder when n(-2) is divided by 24?
17
Suppose 0*w + 5*w - 115 = 0. Let t = 37 - w. What is the remainder when 51 is divided by t?
9
Let b = 7 + 96. Calculate the remainder when b is divided by 34.
1
Let s(f) = f**3 - f**2 + 2*f + 16. Calculate the remainder when 365 is divided by s(0).
13
Let i be 3/6*(2 - -6). Let y(z) = 4*z + 5. What is the remainder when y(5) is divided by (27/(-7 + i))/(-1)?
7
Let b = -248 - -526. What is the remainder when b is divided by 4?
2
Suppose 3*a + 690 = 33*a. Calculate the remainder when a is divided by (-38)/(-6) - 4/12.
5
Let w = -47 + 79. Let n be w/12*3*-1. Let g = 24 + n. Calculate the remainder when 62 is divided by g.
14
Let j(c) = -c - 3. Let u be j(-3). Suppose u = 4*p + 1 + 47. What is the remainder when 23 is divided by -7*-1*p/(-7)?
11
Suppose -13*q + 365 - 105 = 0. What is the remainder when 115 is divided by q?
15
Let f be 982/7 - 14/49. Let o = f - 132. Calculate the remainder when o is divided by 7.
1
Let y be 4*((-7)/(-2))/7. Suppose -312 = -4*x - q + y*q, 296 = 4*x - 5*q. Let n = x - 2. What is the remainder when n is divided by 20?
17
Suppose -5*q = -5*t + 765, 5*t - 365 = -3*q + 392. Let v = 3088 - 3071. What is the remainder when t is divided by v?
16
Let t be 954/15 + (-6)/(-15). Suppose i - 4*v = t, i - 23 = -v + 46. Suppose i = 2*o - 58. What is the remainder when o is divided by 22?
19
Let j(g) = 5*g**2 + 28*g - 16. What is the remainder when j(14) is divided by 80?
76
Let o = 317 + -263. What is the remainder when o is divided by (-3)/12 + (-90)/(-8)?
10
Let b(x) = -9*x**2 + 390*x - 62. Calculate the remainder when 376 is divided by b(43).
41
Suppose 4*n + 5*s - 103 = 220, 2*s + 184 = 2*n. Calculate the remainder when n is divided by 13.
9
Suppose -t + 2*t - 16 = 0. Let s(r) = -r**3 + 16*r**2 - 2*r + 38. Calculate the remainder when 11 is divided by s(t).
5
Calculate the remainder when 649 is divided by -4*(-10)/180 + (-232)/(-9).
25
Suppose -h - 518 = -8*h. What is the remainder when h is divided by 10?
4
Suppose 3*z = 5*z - 5*w - 32, -73 = -3*z - 5*w. Calculate the remainder when z is divided by 14.
7
Let d(o) = 16*o + 242. Calculate the remainder when 107 is divided by d(-13).
5
Let x = 41 - 39. Suppose 0 = -5*o, -2*o - 45 = -5*k + x*o. Calculate the remainder when 43 is divided by k.
7
Let y = -50 + 56. Suppose 0 = y*x - x + 3*v - 392, 4*x - 313 = -3*v. Let q = -12 + 28. Calculate the remainder when x is divided by q.
15
Let n = 21 + 55. Suppose 5*d - p = 125, -5*d - 5*p + 177 = 22. Calculate the remainder when n is divided by d.
24
Suppose 0 = -4*s + 7 + 5. Let x(l) = 2*l - 2. Calculate the remainder when ((-18)/(-2))/1 + 1 - 0 is divided by x(s).
2
Let j be (-13)/(-7) + (-5)/(-35). Suppose -197 = -j*p - 177. What is the remainder when p is divided by 2?
0
Suppose -59 = -3*k - n, -k + 5*n = 3*k - 85. Let f(c) = 4*c**2 + 4*c - 4. Calculate the remainder when f(-5) is divided by k.
16
Let o(v) = 6*v - 1. Let j be (66/4)/((-1)/(-16)). Calculate the remainder when (-1)/((-3)/(j - -3)) is divided by o(4).
20
What is the remainder when 102 is divided by -2*(-12)/9*30/8?
2
Let h be 36/(-8)*(-4)/(-2). Let q be 245/30 + 2/(-12). Calculate the remainder when 6/h + q/3 is divided by 2.
0
Let z(d) = 267*d**2 - 62*d + 60. What is the remainder when z(1) is divided by 68?
61
Let g(a) = -a**3 - 3*a**2 + 7*a + 7. Suppose 0 = s - 0*s + 5. What is the remainder when g(s) is divided by (3 - (-30)/(-12))*64/4?
6
Let s = -22 - -25. Suppose -p + 153 = s*j, -p - 3 + 0 = 0. What is the remainder when j is divided by 9?
7
Let w be (2/8)/(-1) - 22/8. Let b = w - -32. What is the remainder when b is divided by 16?
13
Let c = 103 - 84. Calculate the remainder when 32 is divided by c.
13
Calculate the remainder when 18/((-4)/3 - -2) is divided by 10/15 - ((-80)/(-3))/(-5).
3
Suppose 7*i + 25 + 17 = 0. What is the remainder when 43 is divided by (-9)/(81/i) + 26/6?
3
Suppose -363 = -10*v + 337. What is the remainder when 266 is divided by v?
56
Let w = 15 + -20. Let r = 11 + w. Suppose -13 = r*a - 73. What is the remainder when 19 is divided by a?
9
Let b = 27 - 42. What is the remainder when 41 is divided by (9/(-4))/((-8)/((-640)/b))?
5
Suppose 23 + 47 = 14*s. Calculate the remainder when 278 is divided by s.
3
Let b = 82 - 79. Suppose -b*r - 5*t = -76, 115 + 5 = 4*r + 2*t. Calculate the remainder when 94 is divided by r.
30
Calculate the remainder when ((-61)/(-6))/(16 + (-855)/54) is divided by 4.
1
Let p(i) = -i**3 - 12*i**2 + 11*i + 26. Let s be p(-13). Suppose -s - 38 = -10*g. Calculate the remainder when g is divided by 8.
1
Let v(u) = 5*u - 6. Let k be v(-3). Let d = k + 32. Calculate the remainder when 43 is divided by d.
10
Suppose -81 = -4*b - 3*f + 39, -4*b - 5*f = -120. Calculate the remainder when 145 is divided by b.
25
Suppose 4*p - 372 = 4*t, -5*p + 465 = 56*t - 54*t. Calculate the remainder when 556 is divided by p.
91
Let k be -2 + 2/(-2) + -66. Let t = -49 - k. What is the remainder when 4 is divided by (24/t)/(4/10)?
1
Let n = 44 + -39. Suppose -50 = -n*f - 0*f. What is the remainder when 18 is divided by f?
8
Let y(o) = o**3 + 8*o**2 - 86*o + 10. What is the remainder when y(-14) is divided by (-1 - -7)*(-16)/(-12)?
6
Let v be 6/5 - (-48)/60. Suppose -96 = -3*x - v*y, -4*y = 4*x - 151 + 23. Calculate the remainder when x is divided by 19.
13
What is the remainder when 3/7 - (10 + 12012/(-98)) is divided by 21?
8
Suppose 0 = 39*i - 40*i + 1817. What is the remainder when i is divided by 20?
17
Let v(z) = z**3 + 10*z**2 + 13. What is the remainder when 350 is divided by v(-10)?
12
Suppose 0 = 6*x - 33 + 3. Calculate the remainder when 82 is divided by (1 - x)/4*-43.
39
Suppose -4*w = 12, 3*a - 5*w = -1 + 58. Calculate the remainder when 83 is divided by a.
13
Let k = 1 - -9. Let v(x) be the third derivative of x**6/60 - x**5/30 + x**3/2 + 17*x**2. Calculate the remainder when v(3) is divided by k.
9
Let c = -54 - -60. Suppose 0 = 3*d - 6*d - 5*o + 2, -4*d + 14 = o. Suppose c*r - d*r - 38 = 0. What is the remainder when 75 is divided by r?
18
Suppose 3*p - 4*h + 120 = 7*p, -5*h = 4*p - 123. Let w = 5 + 12. What is the remainder when 6*(-3)/(-6)*w is divided by p?
24
Let q be (-2 - -5)/((-2)/14). Let n = -18 - -36. Calculate the remainder when 71 is divided by n*2*(-14)/q.
23
Let f = -25 + 76. Let n = -37 + f. Calculate the remainder when 1/(-1) - (2 - 56) is divided by n.
11
